{"id":970,"date":"2022-02-01T21:14:46","date_gmt":"2022-02-01T20:14:46","guid":{"rendered":"https:\/\/p-fh.de\/wordpress\/?page_id=970"},"modified":"2022-02-01T21:24:21","modified_gmt":"2022-02-01T20:24:21","slug":"der-malibu-i500qb","status":"publish","type":"page","link":"https:\/\/p-fh.de\/wordpress\/der-malibu-i500qb\/","title":{"rendered":"Der Malibu i500QB"},"content":{"rendered":"<p>Das ist unser Fahrzeug, ein vollintegriertes Wohnmobil aus dem Hause Carthago.<\/p>\n<p>Knapp 7,5 m L\u00e4nge \/ 2,3 m Breite \/ 3 m H\u00f6he und bis zu 4,5to zul. Gesamtgewicht.<\/p>\n<p><img decoding=\"async\" loading=\"lazy\" class=\"wp-image-914 size-large aligncenter\" src=\"https:\/\/p-fh.de\/wordpress\/wp-content\/uploads\/2022\/01\/IMG_20210221_095546-1024x768.jpg\" alt=\"Der Malibu i500QB Bj 10\/2020\" width=\"780\" height=\"585\" srcset=\"https:\/\/p-fh.de\/wordpress\/wp-content\/uploads\/2022\/01\/IMG_20210221_095546-1024x768.jpg 1024w, https:\/\/p-fh.de\/wordpress\/wp-content\/uploads\/2022\/01\/IMG_20210221_095546-300x225.jpg 300w, https:\/\/p-fh.de\/wordpress\/wp-content\/uploads\/2022\/01\/IMG_20210221_095546-768x576.jpg 768w, https:\/\/p-fh.de\/wordpress\/wp-content\/uploads\/2022\/01\/IMG_20210221_095546-1536x1152.jpg 1536w, https:\/\/p-fh.de\/wordpress\/wp-content\/uploads\/2022\/01\/IMG_20210221_095546-2048x1536.jpg 2048w\" sizes=\"(max-width: 780px) 100vw, 780px\" \/><\/p>\n<p>Das tolle, schnittige Fahrzeug ist unsere gro\u00dfe Leidenschaft.<\/p>\n<p>Details von innen siehe die Roomtour.<\/p>\n<p><img decoding=\"async\" loading=\"lazy\" class=\"aligncenter wp-image-971 size-full\" src=\"https:\/\/p-fh.de\/wordpress\/wp-content\/uploads\/2022\/02\/i500qb-mj2022-Details.png\" alt=\"Der Grundriss des i500QB\" width=\"564\" height=\"588\" srcset=\"https:\/\/p-fh.de\/wordpress\/wp-content\/uploads\/2022\/02\/i500qb-mj2022-Details.png 564w, https:\/\/p-fh.de\/wordpress\/wp-content\/uploads\/2022\/02\/i500qb-mj2022-Details-480x500.png 480w\" sizes=\"(max-width: 564px) 100vw, 564px\" \/><\/p>\n<p>Die aktuellen Designs dieser sch\u00f6nen Fahrzeugkategorie auf der Homepage von <a href=\"https:\/\/www.malibu-carthago.com\/wohnmobile\/integriert\/modelluebersicht-integriert\/\">Malibu<\/a>.<\/p>\n","protected":false},"excerpt":{"rendered":"<p>Das ist unser Fahrzeug, ein vollintegriertes Wohnmobil aus dem Hause Carthago. Knapp 7,5 m L\u00e4nge \/ 2,3 m Breite \/ 3 m H\u00f6he und bis zu 4,5to zul. Gesamtgewicht. Das tolle, schnittige Fahrzeug ist unsere gro\u00dfe Leidenschaft. Details von innen siehe die Roomtour. Die aktuellen Designs dieser sch\u00f6nen Fahrzeugkategorie auf der Homepage von Malibu.<\/p>\n","protected":false},"author":1,"featured_media":972,"parent":0,"menu_order":0,"comment_status":"closed","ping_status":"closed","template":"","meta":[],"_links":{"self":[{"href":"https:\/\/p-fh.de\/wordpress\/wp-json\/wp\/v2\/pages\/970"}],"collection":[{"href":"https:\/\/p-fh.de\/wordpress\/wp-json\/wp\/v2\/pages"}],"about":[{"href":"https:\/\/p-fh.de\/wordpress\/wp-json\/wp\/v2\/types\/page"}],"author":[{"embeddable":true,"href":"https:\/\/p-fh.de\/wordpress\/wp-json\/wp\/v2\/users\/1"}],"replies":[{"embeddable":true,"href":"https:\/\/p-fh.de\/wordpress\/wp-json\/wp\/v2\/comments?post=970"}],"version-history":[{"count":4,"href":"https:\/\/p-fh.de\/wordpress\/wp-json\/wp\/v2\/pages\/970\/revisions"}],"predecessor-version":[{"id":977,"href":"https:\/\/p-fh.de\/wordpress\/wp-json\/wp\/v2\/pages\/970\/revisions\/977"}],"wp:featuredmedia":[{"embeddable":true,"href":"https:\/\/p-fh.de\/wordpress\/wp-json\/wp\/v2\/media\/972"}],"wp:attachment":[{"href":"https:\/\/p-fh.de\/wordpress\/wp-json\/wp\/v2\/media?parent=970"}],"curies":[{"name":"wp","href":"https:\/\/api.w.org\/{rel}","templated":true}]}}